4 - (18 + -35 - -20)).
22
What is the value of 22 + 4 + 11 + -18?
19
-1 - -25 - (32 + (-7 - (17 + -2)))
14
What is -19 + 0 - -11 - -12 - -21?
25
What is 14 + 1 + (13 + -47 - -46)?
27
What is the value of 1 - ((33 - 42) + 4 + -2)?
8
Evaluate 38 - 27 - (12 - 10).
9
What is the value of 19 - ((-1 - 7) + 21)?
6
-19 - ((-13 - -2) + 3)
-11
What is (-7 - (6 + -10) - -9) + 0 + 2?
8
-3 + -4 + -1 + 6 + -4
-6
-1 + (-1 + 9 - (384 + -384))
7
What is the value of 29 + -4 + (-22 - 31)?
-28
Calculate 5 + 0 - (-16 + 15) - 5.
1
What is the value of 32 + (-11 - 1) + -21?
-1
Evaluate -1 - (-1 - -7 - (2 + 2 + 7)).
4
4 + -15 + (-16 - -7 - (3 + -10))
-13
What is the value of (11 - -1) + 1 - (17 + 3 + -19)?
12
-14 + -12 + 20 + -12 - (-7 + 0)
-11
(14 + -15 - 15 - -7) + 7 + 1
-1
What is -4 - (7 + 2 + 0 + -11)?
-2
What is -8 - (-5 - 0 - 9) - -8?
14
What is 11 - (5 - -21 - 6)?
-9
What is the value of -1 + (2 - -5) + 1 - 10 - -3?
0
What is -460 + 441 + 1 + 16 + (0 - 1)?
-3
Evaluate (-45 - -43) + -35 + 33.
-4
What is -5 + 21 - (-22 + 62)?
-24
What is the value of (4 - -4) + -21 + 4?
-9
What is 0 - -2 - (-58 + 59) - 4?
-3
Evaluate -5 + (-5 - (4 - 6)) + 13 - 12.
-7
1 - -3 - (22 + (9 - 17))
-10
Evaluate 23 + (-19 - 2) + (-1 - (-1 - -4)).
-2
(-5 - (3 + -9)) + 5 + 3
9
What is 3 + 2 + (-3 - -5) + (6 - 3)?
10
What is the value of -3 + (-11 - -13) + (17 - (5 + -6))?
17
Evaluate -1 + (-9 - 0) + (19 - 14) + -2.
-7
Calculate -8 - -12 - 6 - (4 - (-5 - -19)).
8
2 - (-9 + (2 - 11))
20
-4 + -6 + (4 - 15 - (22 - 41))
-2
(21 - 7) + (3 - (-4 - -1) - -1)
21
Calculate (33 - -14 - 53) + (1 - 1) + -22.
-28
Evaluate -18 - ((7 - 11) + 0 + -7).
-7
What is (20 + -2 - 8) + -1 + (-1 - 2)?
6
Calculate 41 + -52 - (5 - -3).
-19
What is -2 - ((16 - 16) + 5)?
-7
Evaluate (1 - 3 - (7 - 5)) + 38 + -34.
0
Calculate -7 + -4 + 4 + (68 - 43).
18
(-41 - -26) + 52 - 10
27
What is the value of (40 - (55 - 11)) + 36?
32
Calculate (-4 + (-2 - (6 - 2)) - -5) + 1.
-4
Calculate (-5 - 0) + 10 + -3 + -2 + 5.
5
Evaluate -8 - ((4 + -2 - 2) + 320 + -351).
23
25 + -53 + 16 - (-1 - 12)
1
Evaluate -24 - ((31 - 26) + -4).
-25
-385 - -364 - (-10 + -1)
-10
Evaluate -4 - (22 - (24 - 2)).
-4
(-10 - (-1 + -2 + 3)) + 4 + 3
-3
What is the value of (-21 - 75) + 53 - (-10 + 0)?
-33
Calculate -5 + -16 + -6 + 4.
-23
Calculate (-9 + 1 - 1) + -3 + (6 - -4).
-2
Calculate (-19 - (-1 - -6)) + 10.
-14
What is the value of -21 + -4 + -5 + 20?
-10
What is (5 - 26) + 20 + -18?
-19
-12 + 9 - (-1 + 5 + 1)
-8
(6 - (8 + 4)) + (7 - -1) - 14
-12
What is -203 + 216 + (4 - 7)?
10
What is 8 - (33 - (9 - -7))?
-9
What is the value of -31 - (9 - 40) - (-14 + 0)?
14
12 + (-11 + 6 - (-2 + -1)) + 6
16
Calculate (13 - (2 - (0 - -17))) + -18.
10
What is the value of -13 - (3 - (2 - 2)) - -8?
-8
Calculate -3 + -6 + 14 + -16.
-11
What is (25 - 40) + (-13 - -19)?
-9
-12 - (-25 - -15 - (-1 + -1))
-4
Evaluate -11 + (3 - (6 + -3)) - (792 + -782).
-21
Evaluate -6 - -1 - (-2 + 15 - (29 + -19)).
-8
What is 7 - (2 - -18) - 14?
-27
5 + -8 + 20 + -11 - -19
25
What is (1 - -25) + -2 - (-780 - -769)?
35
Calculate -10 + 1 + 10 + -7 - 6.
-12
2 - (2 + 1 - (10 - 1))
8
2 + 15 + 5 + 5 + -2 - -11
36
Calculate 10 + -7 - -16 - 11.
8
What is the value of 14 + (5 + (-3 - -4 - 1) - 9)?
10
Evaluate 21 + 1 + 2 + -1 + (255 - 257).
21
Calculate 7 - (13 + -10 + (13 - 9)) - 6.
-6
Evaluate -3 + (18 - (-3 - -36)).
-18
Calculate (-51 - -50) + (1 - 1) - (-5 - -1).
3
What is the value of -6 + (-10 - (1 + -21))?
4
What is (-378 - -348) + 8 + 0?
-22
Calculate (0 - 5) + -6 + -5 + (-10 - -20).
-6
Evaluate (246 - 259) + -1 + -2 + 0 - -1.
-15
What is the value of 19 + 1 + (0 - 4) + (-13 - -19)?
22
What is the value of -15 + 1 + 1 - -8 - -4 - 2?
-3
Calculate (-10 - 1) + 15 + 14 - (6 - -2).
10
What is the value of 30 + -17 - (16 - 6) - 8?
-5
What is -9 + (-15 - (18 - 41)) + -4 + -1?
-6
-11 - ((-9 - -17) + -6)
-13
Calculate -1057 + 1088 + (-10 - -1 - 2).
20
What is the value of -1275 - -1269 - (-27 - 0)?
21
(-42 - -42) + (2 + -2 - 1 - -4)
3
Calculate 5 - 16 - (-16 + 13) - -4.
-4
Calculate -86 - -118 - (38 + 2).
-8
-7 - (-1 + -7) - (-2 + 5)
-2
What is -38 + 25 + 8 + (4 - 1)?
-2
(-40 - (-16 - 21)) + -22
-25
Evaluate 3 + 3 + -11 + 14.
9
What is 0 + (0 - (-15 - -13))?
2
Calculate (-14 - -30) + -8 + (-2 - 13).
-7
Evaluate (3 + 0 - 5 - 14) + -1 + 12.
-5
Calculate 5 + -2 + (163 - 172).
-6
Calculate -3 + -11 + 6 + 2 + 2 + 0.
-4
What is the value of 10 + -3 + -1 - -3?
9
-1 + (-1 - 1) + (3 - (1 - 0))
-1
Calculate (-4 - (-8 + -2 + 4)) + -8.
-6
Evaluate (-2 - (0 - 0)) + -3 - (97 + -92).
-10
Evaluate (-22 - -8) + 38 - 17 - -12.
19
What is -24 - -16 - -14 - -9 - -13?
28
What is the value of -3 + 2 + 8 + -1 + -3 + 11?
14
Evaluate 3 - (-1 + -15 + (27 - 20)).
12
Calculate 9 - ((-9 - -20) + (-1 - 6 - -2)).
3
26 - (43 + -24 + -28)
35
What is 11 + (1 - 5) + (24 - 29)?
2
What is the value of 34 + -41 + (0 - (4 - 18))?
7
What is (-15 - -35 - 26) + 1?
-5
Calculate -39 + -24 + 53 - (1 - (0 + -1)).
-12
What is 2 + (-4 - -8) - (14 + -4 + -15)?
11
What is 2 + (0 - -4 - 3) + (-13 - -7)?
-3
Evaluate 1 + 31 - (-169 + 188).
13
What is -34 - (17 + -24) - -46?
19
1 + 7 + -5 + (-3 - 0)
0
Evaluate 8 + -3 - ((22 - 24) + 10).
-3
What is the value of -1 - 2 - (11 - (2 - -25))?
13
(8 + 1 - (9 - 0)) + -2 + -20
-22
-6 + (4 - -14 - 6) - 2 - -4
8
What is 1 + -7 - (-42 - (0 - 26))?
10
What is (53 + -20 - 22) + -6 + 1?
6
Calculate -9 - (-29 + (0 - (7 - (-7 - -6)))).
28
-7 - 6 - -13 - 7
-7
Calculate -6 + (0 + -6 - (79 + -80)).
-11
What is the value of -25 + 1 + (-81 - -95)?
-10
Evaluate (8 - (-4 - (-5 - -4))) + -10.
1
4 + -3 - -3 - -3
7
What is (16 - 34) + -1 + -10 + 0?
-29
Calculate 2 - (2 - (24 - 39)).
-15
What is 2 - (-7 - ((-10 - (-3 + -1)) + 7))?
10
Evaluate -15 + (4 - 13 - -18).
-6
What is the value of 33 + 25 + -20 - 23?
15
Evaluate -7 - (-10 + -15 + 10 - (6 - 1)).
13
What is the value of 1 + -7 - (-56 + (58 - 12))?
4
Calculate 7 + -9 + 0 - 7.
-9
What is 4 - (5 - (7 + -13)) - -1?
-6
Calculate (5 - 27 - -41) + -3.
16
What is the value of (-2 - 1) + 3 + -1 + -129 + 131?
1
Evaluate 360 - 354 - (0 - 13).
19
(-33 - 1) + 11 + 18
-5
Calculate 12 - (28 + -28 + 22).
-10
32 - 37 - -17 - (1 + 1)
10
(4 - (27 + 2 - 12)) + 5
-8
-4 - -11 - (-5 + 32 + (-5 - 8))
-7
Calculate 1 + (-1 - -13) - (0 - (-7 - -5)).
11
Calculate -28 - (-7 + 7 + -16).
-12
11 - (-7 - (2 + (-10 - -4)))
14
Evaluate 0 + 13 + 16 + -6 + -4 - 0.
19
Evaluate (-15 - -1) + -1 + 115 + -42 + -66.
-8
What is the value of 4 + (3 - 16) + 10 + -3?
-2
Evaluate -2 + (2 + (1 - 1) + -2 - -2).
0
Evaluate 9 + (-8 - 9) + 7 + -13.
-14
What is -20 - (-29 + 26) - -8?
-9
What is the value of -6 + 5 + (7 - 13)?
-7
Evaluate (4 - (-2 - -6)) + (-5 - -14 - 1).
8
Calculate 0 + 2 + (-4 - -2) - (-106 - -111).
-5
Calculate (-29 - -68 - 17) + -19.
3
324 + -312 + (10 - -1) + (-6 - -3)
20
What is the value of -2 - (-11 + 16 - -6) - -4?
-9
-13 + (-11 - -8) + 2 + 3
-11
What is 7 - ((-20 - -16) + 50)?
-39
Evaluate (-2 + -2 - -1) + (88 - 86).
-1
What is -12 - (16 - 4) - -22?
-2
Calculate -62 + (61 - (-13 - -26)).
-14
7 + -3 - 0 - (-6 + 0)
10
What is the value of (0 + 4 - (16 - -3 - 18)) + -2?
1
-12 - (-3 + (17 - 5 - 6) - 10)
-5
What is the value of -14 + (-15 - -3 - -24)?
-2
-2 + 3 + -1 + (-30 - (-24 - -11))
-17
Evaluate -1 - 6 - (7 + (4 - 5) + -5).
-8
Calculate (36 - 1) + -70 + 3.
-32
-3 + -11 + -11 + 26
1
Evaluate 238 + -279 + 6 + 4.
-31
What is -18 - ((6 - 29) + -1)?
6
Calculate 1 + -14 - (14 - (-52 + 65)).
-14
What is 4 - (7 + (-16 - -14 - (-1 - 2)))?
-4
What is -10 + (4 - -31) + -16?
9
What is -5 + 4 - 0 - (13 - 15) - 7?
-6
Calculate -3 - (-3 - (-12 + 22)).
10
Calculate (-35 - (6 + 5)) + 31.
-15
What is the value of -8 - (-5 + -3 + -12 - -7)?
5
Calculate 3 + -5 + 11 - (6 + 9).
-6
Evaluate -2 - (11 + (-9 - (-11 - -9)) + 13).
-19
What is the value of (1 - (-24 - -9)) + (4 - 6) + -2?
12
What is the value of 53 - 70 - (-13 - 3) - -1?
0
What is the value of (-21 - (0 - 10)) + -18 + 27?
-2
What is (26 - 29) + -1 + 6 + (3 - 3)?
2
What is the value of -8 - (-16 + 6 + 7)?
-5
Evaluate 14 + -4 + 19 + -28.
1
Calculate 15 - 0 - (68 + -49).
-4
Calculate (29 - (59 + -38)) + -39.
-31
Calculate -19 - 10 - (35 - 65).
1
What is the value of -9 - -32 - -19 - 23?
19
Calculate -12 + (-2 - -26 - 8).
4
What is 8 + (-24 - 18 - (-18 + 3 + 4))?
-2